 and 1629.
9
What is the highest common factor of 810 and 195?
15
Calculate the greatest common divisor of 1072 and 2278.
134
What is the greatest common divisor of 2354 and 88?
22
What is the highest common factor of 570 and 247?
19
What is the highest common divisor of 765 and 170?
85
What is the greatest common factor of 51 and 1190?
17
Calculate the highest common factor of 2171 and 39.
13
Calculate the highest common divisor of 39 and 1.
1
What is the greatest common factor of 56 and 4984?
56
What is the greatest common factor of 5 and 895?
5
Calculate the highest common divisor of 260 and 50.
10
Calculate the greatest common divisor of 56 and 14.
14
Calculate the highest common factor of 3277 and 87.
29
Calculate the greatest common factor of 1746 and 5044.
194
Calculate the highest common divisor of 72 and 81.
9
Calculate the greatest common divisor of 46 and 92.
46
Calculate the highest common divisor of 1749 and 33.
33
What is the greatest common divisor of 69 and 6969?
69
Calculate the highest common factor of 450 and 500.
50
What is the greatest common divisor of 278 and 139?
139
Calculate the highest common divisor of 793 and 39.
13
Calculate the highest common divisor of 70 and 1340.
10
What is the greatest common divisor of 78 and 213?
3
What is the highest common factor of 430 and 10?
10
Calculate the highest common factor of 258 and 2666.
86
Calculate the highest common divisor of 114 and 190.
38
What is the greatest common factor of 1674 and 124?
62
What is the greatest common divisor of 124 and 1271?
31
What is the greatest common divisor of 540 and 2400?
60
Calculate the greatest common factor of 206 and 1339.
103
What is the highest common factor of 13671 and 434?
217
What is the greatest common divisor of 288 and 108?
36
What is the greatest common divisor of 42 and 210?
42
Calculate the greatest common factor of 94 and 5687.
47
What is the greatest common divisor of 278 and 278?
278
What is the greatest common divisor of 340 and 204?
68
Calculate the highest common factor of 54 and 297.
27
What is the highest common factor of 387 and 90?
9
Calculate the greatest common factor of 147 and 3773.
49
Calculate the highest common factor of 24 and 1016.
8
What is the greatest common divisor of 773 and 4?
1
What is the highest common divisor of 2 and 8?
2
Calculate the greatest common factor of 190 and 722.
38
What is the highest common divisor of 36 and 171?
9
What is the highest common divisor of 276 and 368?
92
Calculate the highest common factor of 15 and 60.
15
Calculate the greatest common factor of 1435 and 21.
7
Calculate the highest common factor of 1146 and 12.
6
Calculate the highest common factor of 1143 and 36.
9
Calculate the greatest common divisor of 492 and 12.
12
What is the highest common factor of 390 and 90?
30
Calculate the greatest common divisor of 1166 and 212.
106
What is the greatest common factor of 30 and 2190?
30
Calculate the highest common factor of 2250 and 900.
450
What is the greatest common factor of 1406 and 148?
74
What is the greatest common factor of 9197 and 17?
17
What is the greatest common factor of 24 and 104?
8
What is the greatest common divisor of 143 and 484?
11
Calculate the highest common factor of 8 and 132.
4
Calculate the highest common divisor of 124 and 1550.
62
What is the highest common divisor of 59 and 472?
59
Calculate the greatest common divisor of 4239 and 27.
27
Calculate the highest common divisor of 17 and 1139.
17
What is the highest common factor of 36 and 738?
18
Calculate the highest common factor of 6 and 74.
2
What is the highest common divisor of 9 and 12357?
9
Calculate the highest common factor of 742 and 212.
106
What is the highest common divisor of 322 and 5082?
14
What is the highest common factor of 279 and 18?
9
Calculate the greatest common divisor of 39 and 6.
3
What is the highest common divisor of 800 and 720?
80
Calculate the highest common divisor of 266 and 190.
38
What is the highest common factor of 12 and 4164?
12
What is the highest common divisor of 477 and 53?
53
What is the greatest common divisor of 77 and 28?
7
Calculate the greatest common divisor of 156 and 4225.
13
What is the greatest common factor of 187 and 544?
17
Calculate the highest common factor of 210 and 120.
30
Calculate the highest common divisor of 37 and 16317.
37
Calculate the greatest common factor of 51 and 629.
17
What is the greatest common factor of 260 and 3276?
52
What is the highest common divisor of 1000 and 40?
40
Calculate the highest common factor of 91 and 8099.
91
Calculate the highest common factor of 1969 and 22.
11
What is the greatest common divisor of 585 and 90?
45
What is the greatest common factor of 232 and 754?
58
Calculate the highest common factor of 25 and 230.
5
What is the greatest common divisor of 728 and 476?
28
What is the greatest common divisor of 81 and 9?
9
What is the greatest common factor of 98 and 602?
14
Calculate the highest common divisor of 14701 and 61.
61
What is the highest common divisor of 574 and 70?
14
What is the greatest common divisor of 10 and 95?
5
Calculate the greatest common factor of 18 and 834.
6
Calculate the highest common divisor of 888 and 28.
4
Calculate the highest common factor of 120 and 280.
40
Calculate the highest common factor of 7044 and 36.
12
What is the greatest common divisor of 28 and 28?
28
What is the greatest common divisor of 8 and 332?
4
Calculate the greatest common divisor of 11 and 2486.
11
What is the highest common divisor of 84 and 11508?
84
What is the highest common divisor of 50 and 850?
50
Calculate the greatest common divisor of 117 and 3159.
117
What is the greatest common factor of 30 and 2700?
30
Calculate the greatest common divisor of 256 and 432.
16
Calculate the greatest common divisor of 279 and 13206.
93
What is the greatest common divisor of 803 and 11?
11
What is the greatest common factor of 57 and 5377?
19
Calculate the greatest common divisor of 1980 and 3630.
330
Calculate the greatest common factor of 62 and 4774.
62
What is the highest common factor of 64 and 144?
16
What is the highest common factor of 15 and 145?
5
What is the greatest common factor of 354 and 1121?
59
Calculate the greatest common factor of 78 and 1599.
39
Calculate the greatest common divisor of 33 and 55.
11
What is the greatest common divisor of 64 and 14272?
64
What is the greatest common divisor of 8192 and 32?
32
What is the greatest common factor of 17 and 5?
1
What is the highest common divisor of 143 and 3025?
11
What is the highest common divisor of 8 and 44?
4
Calculate the highest common divisor of 15 and 95.
5
Calculate the greatest common divisor of 30 and 9255.
15
What is the highest common factor of 36 and 3732?
12
What is the greatest common factor of 293 and 1?
1
Calculate the highest common divisor of 768 and 108.
12
What is the greatest common divisor of 14 and 329?
7
Calculate the greatest common divisor of 1349 and 19.
19
What is the highest common divisor of 721 and 7?
7
What is the highest common factor of 108 and 126?
18
Calculate the greatest common divisor of 161 and 230.
23
Calculate the highest common factor of 264 and 561.
33
Calculate the highest common divisor of 729 and 54.
27
Calculate the highest common factor of 264 and 957.
33
Calculate the greatest common factor of 351 and 624.
39
Calculate the highest common factor of 17685 and 30.
15
What is the greatest common factor of 9 and 243?
9
Calculate the greatest common factor of 322 and 56.
14
Calculate the greatest common factor of 17788 and 8.
4
Calculate the greatest common divisor of 48 and 1056.
48
Calculate the greatest common factor of 30 and 1386.
6
What is the greatest common factor of 3069 and 198?
99
Calculate the greatest common factor of 936 and 35880.
312
What is the greatest common divisor of 1573 and 1331?
121
Calculate the highest common factor of 288 and 1536.
96
What is the greatest common divisor of 84 and 3564?
12
Calculate the highest common divisor of 6 and 358.
2
Calculate the greatest common factor of 2913 and 15.
3
What is the highest common factor of 173 and 23701?
173
Calculate the highest common factor of 16 and 1824.
16
Calculate the greatest common factor of 41 and 10